t the prime factors of 651499.
449, 1451
What are the prime factors of 2272694?
2, 1063, 1069
List the prime factors of 481933.
17, 28349
What are the prime factors of 144312?
2, 3, 7, 859
What are the prime factors of 2977511?
23, 129457
List the prime factors of 13684515.
3, 5, 13, 70177
What are the prime factors of 4180405?
5, 251, 3331
List the prime factors of 31239379.
59, 601, 881
What are the prime factors of 175668?
2, 3, 14639
What are the prime factors of 5316371?
19, 73, 3833
What are the prime factors of 119114?
2, 59557
List the prime factors of 307971.
3, 19, 1801
List the prime factors of 16191535.
5, 61, 53087
List the prime factors of 1753709.
181, 9689
List the prime factors of 15387532.
2, 31, 4003
List the prime factors of 27733776.
2, 3, 7, 59, 1399
What are the prime factors of 1315864?
2, 11, 19, 787
What are the prime factors of 1463008?
2, 131, 349
What are the prime factors of 20111499?
3, 23, 97157
List the prime factors of 30909729.
3, 97, 106219
What are the prime factors of 706992?
2, 3, 11, 13, 103
What are the prime factors of 506298?
2, 3, 13, 6491
List the prime factors of 2194997.
7, 313571
What are the prime factors of 27300531?
3, 131, 69467
List the prime factors of 1949622.
2, 3, 293, 1109
List the prime factors of 788306.
2, 394153
What are the prime factors of 2901512?
2, 79, 4591
List the prime factors of 2986670.
2, 5, 298667
List the prime factors of 17911093.
1997, 8969
What are the prime factors of 116777?
31, 3767
List the prime factors of 162128.
2, 10133
What are the prime factors of 309559?
309559
List the prime factors of 2007451.
2007451
What are the prime factors of 7299188?
2, 13, 17, 23, 359
List the prime factors of 8009276.
2, 11, 182029
List the prime factors of 180761.
7, 17, 31
What are the prime factors of 1514546?
2, 11, 43, 1601
What are the prime factors of 2022607?
19, 106453
What are the prime factors of 287677?
13, 22129
What are the prime factors of 9133645?
5, 23, 79423
List the prime factors of 10056870.
2, 3, 5, 131, 853
List the prime factors of 2295867.
3, 7, 17, 59, 109
What are the prime factors of 51804?
2, 3, 1439
What are the prime factors of 156073?
97, 1609
List the prime factors of 16940857.
17, 23, 37, 1171
What are the prime factors of 1376567?
1376567
List the prime factors of 446643.
3, 49627
List the prime factors of 60173.
19, 3167
What are the prime factors of 200292?
2, 3, 16691
What are the prime factors of 2453509?
863, 2843
What are the prime factors of 1187132?
2, 463, 641
List the prime factors of 1715452.
2, 428863
What are the prime factors of 466685?
5, 93337
What are the prime factors of 247080?
2, 3, 5, 29, 71
What are the prime factors of 12097345?
5, 13, 186113
What are the prime factors of 5409977?
5409977
List the prime factors of 6850487.
7, 277, 3533
List the prime factors of 84039.
3, 109, 257
What are the prime factors of 256184?
2, 31, 1033
List the prime factors of 5210471.
7, 744353
What are the prime factors of 3646536?
2, 3, 151939
List the prime factors of 241345.
5, 13, 47, 79
What are the prime factors of 2939538?
2, 3, 7, 17, 23, 179
List the prime factors of 1025146.
2, 512573
List the prime factors of 7293123.
3, 29, 27943
What are the prime factors of 694315?
5, 138863
What are the prime factors of 1596758?
2, 457, 1747
What are the prime factors of 11793992?
2, 7, 47, 4481
What are the prime factors of 20057123?
20057123
What are the prime factors of 5598645?
3, 5, 13, 28711
List the prime factors of 6997274.
2, 977, 3581
What are the prime factors of 2666028?
2, 3, 29, 47, 163
List the prime factors of 562522.
2, 137, 2053
What are the prime factors of 8905151?
8905151
List the prime factors of 1567432.
2, 195929
List the prime factors of 9274372.
2, 2318593
What are the prime factors of 709663?
709663
What are the prime factors of 46181?
46181
What are the prime factors of 1078263?
3, 23, 5209
What are the prime factors of 1335088?
2, 83443
What are the prime factors of 27692?
2, 7, 23, 43
List the prime factors of 16874000.
2, 5, 11, 13, 59
What are the prime factors of 34121?
149, 229
List the prime factors of 122844.
2, 3, 29, 353
List the prime factors of 37632177.
3, 11, 463, 821
List the prime factors of 1308518.
2, 149, 4391
What are the prime factors of 11355638?
2, 7, 61, 13297
List the prime factors of 5501404.
2, 17, 4759
List the prime factors of 1678802.
2, 19, 44179
What are the prime factors of 84602?
2, 7, 6043
What are the prime factors of 1600985?
5, 97, 3301
What are the prime factors of 339500?
2, 5, 7, 97
What are the prime factors of 8359408?
2, 41, 12743
What are the prime factors of 2271148?
2, 11, 71, 727
What are the prime factors of 64591?
64591
List the prime factors of 9813243.
3, 11, 297371
List the prime factors of 501273.
3, 55697
List the prime factors of 37330.
2, 5, 3733
List the prime factors of 927785.
5, 185557
List the prime factors of 255806.
2, 23, 67, 83
List the prime factors of 6587761.
1009, 6529
List the prime factors of 288986.
2, 131, 1103
List the prime factors of 854480.
2, 5, 11, 971
What are the prime factors of 1146014?
2, 573007
List the prime factors of 32309836.
2, 13, 621343
What are the prime factors of 6956637?
3, 2318879
List the prime factors of 11549679.
3, 61, 63113
What are the prime factors of 2247879?
3, 191, 3923
List the prime factors of 1433982.
2, 3, 11, 21727
What are the prime factors of 8229897?
3, 13, 23447
What are the prime factors of 2182022?
2, 47, 139, 167
What are the prime factors of 1127993?
1127993
List the prime factors of 935624.
2, 116953
List the prime factors of 310527.
3, 7, 31, 53
What are the prime factors of 304961?
304961
What are the prime factors of 3252732?
2, 3, 7, 38723
What are the prime factors of 668081?
23, 31, 937
What are the prime factors of 1284496?
2, 43, 1867
List the prime factors of 296161.
73, 4057
What are the prime factors of 239523?
3, 79841
What are the prime factors of 47790?
2, 3, 5, 59
List the prime factors of 3891607.
113, 34439
List the prime factors of 14787267.
3, 11, 109, 4111
List the prime factors of 451.
11, 41
List the prime factors of 9047005.
5, 11, 103, 1597
List the prime factors of 162533.
7, 31, 107
List the prime factors of 907.
907
List the prime factors of 3187554.
2, 3, 19, 27961
What are the prime factors of 773215?
5, 154643
List the prime factors of 370701.
3, 41189
What are the prime factors of 17458346?
2, 8729173
What are the prime factors of 5958437?
5958437
List the prime factors of 906555.
3, 5, 13, 4649
What are the prime factors of 182719?
73, 2503
List the prime factors of 5761011.
3, 17, 37, 43, 71
What are the prime factors of 304605?
3, 5, 7, 967
List the prime factors of 11841314.
2, 5920657
List the prime factors of 10873573.
149, 72977
List the prime factors of 170010.
2, 3, 5, 1889
List the prime factors of 2692228.
2, 7, 11, 8741
List the prime factors of 3904752.
2, 3, 81349
List the prime factors of 7067465.
5, 509, 2777
What are the prime factors of 2128419?
3, 173, 1367
What are the prime factors of 347242?
2, 7, 17, 1459
List the prime factors of 18881695.
5, 7, 643, 839
What are the prime factors of 759838?
2, 181, 2099
List the prime factors of 1805698.
2, 902849
What are the prime factors of 1301555?
5, 163, 1597
What are the prime factors of 6422180?
2, 5, 321109
List the prime factors of 414209.
414209
What are the prime factors of 3425723?
7, 489389
What are the prime factors of 147143?
269, 547
What are the prime factors of 5342336?
2, 41737
List the prime factors of 2253265.
5, 7, 17, 541
List the prime factors of 871562.
2, 23, 18947
List the prime factors of 6509005.
5, 61, 21341
What are the prime factors of 502274?
2, 23, 61, 179
List the prime factors of 28580348.
2, 7145087
List the prime factors of 11777846.
2, 5888923
List the prime factors of 25765.
5, 5153
What are the prime factors of 289991?
13, 22307
List the prime factors of 1585552.
2, 41, 2417
What are the prime factors of 12667022?
2, 6333511
What are the prime factors of 9230078?
2, 11, 13, 59, 547
What are the prime factors of 964415?
5, 192883
List the prime factors of 27603.
3, 3067
What are the prime factors of 8201234?
2, 743, 5519
What are the prime factors of 6071753?
31, 19